{"id":6,"date":"2014-02-04T17:35:57","date_gmt":"2014-02-04T16:35:57","guid":{"rendered":"http:\/\/www.iver-bud.pl\/?page_id=6"},"modified":"2016-02-16T16:44:07","modified_gmt":"2016-02-16T15:44:07","slug":"strona-glowna","status":"publish","type":"page","link":"https:\/\/www.iver-bud.pl\/","title":{"rendered":"Strona g\u0142\u00f3wna"},"content":{"rendered":"<p style=\"text-align: justify;\">IVER-BUD to firma rodzinna, kt\u00f3ra istnieje od 1994 roku. Posiadamy w\u0142asne zaplecze produkcyjne, hale, maszyny, samochody oraz wykwalifikowan\u0105 za\u0142og\u0119.<\/p>\n<p style=\"text-align: justify;\">Nasza oferta obejmuje kompleksow\u0105 realizacj\u0119 obiekt\u00f3w biurowych, przemys\u0142owych, budynk\u00f3w mieszkalnych, dom\u00f3w. Podejmiemy si\u0119 ka\u017cdego zlecenia. Wykonujemy proste do\u015bwietla, drzwi wewn\u0119trzne i zewn\u0119trzne, okna, \u015bciany ca\u0142oszklane, \u015bciany dzia\u0142owe aluminiowe, zabudowy balkon\u00f3w, fasady, \u015bciany os\u0142onowe. Produkujemy r\u00f3wnie\u017c okna i drzwi w klasie antyw\u0142amaniowej i energooszcz\u0119dnej.<\/p>\n<p style=\"text-align: justify;\"><img loading=\"lazy\" decoding=\"async\" class=\"alignleft wp-image-180 \" title=\"http:\/\/pgatechnika.pl\/\" src=\"https:\/\/www.iver-bud.pl\/wp-content\/uploads\/2014\/02\/108.jpg\" alt=\"Okna i drzwi aluminiowe - IVER BUD\" width=\"138\" height=\"218\" srcset=\"https:\/\/www.iver-bud.pl\/wp-content\/uploads\/2014\/02\/108.jpg 321w, https:\/\/www.iver-bud.pl\/wp-content\/uploads\/2014\/02\/108-189x300.jpg 189w\" sizes=\"(max-width: 138px) 100vw, 138px\" \/><\/p>\n<p style=\"text-align: justify;\">Produkujemy r\u00f3wnie\u017c nowoczesny system aluminiowy s\u0142u\u017c\u0105cy do wykonywania wymagaj\u0105cych izolacji termicznej element\u00f3w zabudowy zewn\u0119trznej tj.; r\u00f3\u017cnych typ\u00f3w okien, wiatro\u0142ap\u00f3w, witryn, balkon\u00f3w, ogrod\u00f3w zimowych i wszelkich konstrukcji przestrzennych.<\/p>\n<p style=\"text-align: justify;\">Opr\u00f3cz okien PCV i aluminium oraz drzwi mo\u017cemy Pa\u0144stwu zaoferowa\u0107 rolety, \u017caluzje, wertikale, moskitiery, parapety wewn\u0119trzne i zewn\u0119trzne oraz inne dodatki okienne. Posiadamy szeroki wyb\u00f3r wzor\u00f3w i kolor\u00f3w powy\u017cszych produkt\u00f3w.<\/p>\n<p style=\"text-align: justify;\">Nasze produkty wykonujemy z profili renomowanych producent\u00f3w.<\/p>\n","protected":false},"excerpt":{"rendered":"<p>IVER-BUD to firma rodzinna, kt\u00f3ra istnieje od 1994 roku. Posiadamy w\u0142asne zaplecze produkcyjne, hale, maszyny, samochody oraz wykwalifikowan\u0105 za\u0142og\u0119. Nasza oferta obejmuje kompleksow\u0105 realizacj\u0119 obiekt\u00f3w biurowych, przemys\u0142owych, budynk\u00f3w mieszkalnych, dom\u00f3w. Podejmiemy si\u0119 ka\u017cdego zlecenia. Wykonujemy proste do\u015bwietla, drzwi wewn\u0119trzne i zewn\u0119trzne, okna, \u015bciany ca\u0142oszklane, \u015bciany dzia\u0142owe aluminiowe, zabudowy balkon\u00f3w, fasady, \u015bciany os\u0142onowe. Produkujemy r\u00f3wnie\u017c okna &hellip; <a href=\"https:\/\/www.iver-bud.pl\/\" class=\"more-link\">Czytaj dalej <span class=\"screen-reader-text\">Strona g\u0142\u00f3wna<\/span> <span class=\"meta-nav\">&rarr;<\/span><\/a><\/p>\n","protected":false},"author":1,"featured_media":0,"parent":0,"menu_order":0,"comment_status":"closed","ping_status":"closed","template":"","meta":{"footnotes":""},"class_list":["post-6","page","type-page","status-publish","hentry"],"aioseo_notices":[],"_links":{"self":[{"href":"https:\/\/www.iver-bud.pl\/index.php\/wp-json\/wp\/v2\/pages\/6"}],"collection":[{"href":"https:\/\/www.iver-bud.pl\/index.php\/wp-json\/wp\/v2\/pages"}],"about":[{"href":"https:\/\/www.iver-bud.pl\/index.php\/wp-json\/wp\/v2\/types\/page"}],"author":[{"embeddable":true,"href":"https:\/\/www.iver-bud.pl\/index.php\/wp-json\/wp\/v2\/users\/1"}],"replies":[{"embeddable":true,"href":"https:\/\/www.iver-bud.pl\/index.php\/wp-json\/wp\/v2\/comments?post=6"}],"version-history":[{"count":9,"href":"https:\/\/www.iver-bud.pl\/index.php\/wp-json\/wp\/v2\/pages\/6\/revisions"}],"predecessor-version":[{"id":618,"href":"https:\/\/www.iver-bud.pl\/index.php\/wp-json\/wp\/v2\/pages\/6\/revisions\/618"}],"wp:attachment":[{"href":"https:\/\/www.iver-bud.pl\/index.php\/wp-json\/wp\/v2\/media?parent=6"}],"curies":[{"name":"wp","href":"https:\/\/api.w.org\/{rel}","templated":true}]}}