{"id":391,"date":"2014-02-14T11:50:27","date_gmt":"2014-02-14T10:50:27","guid":{"rendered":"http:\/\/www.iver-bud.pl\/?page_id=391"},"modified":"2015-03-08T18:35:55","modified_gmt":"2015-03-08T17:35:55","slug":"sliding-600","status":"publish","type":"page","link":"https:\/\/www.iver-bud.pl\/index.php\/sliding-600\/","title":{"rendered":"SLIDING 600"},"content":{"rendered":"<p style=\"text-align: justify;\">System bez izolacji termicznej przeznaczony do wykonywania element\u00f3w zabudowy wewn\u0119trznej. Podstawowym przeznaczeniem systemu jest konstrukcja r\u00f3\u017cnych typ\u00f3w okien i drzwi przesuwnych.<br \/>\nG\u0142\u0119boko\u015b\u0107 konstrukcyjna kszta\u0142townik\u00f3w dla o\u015bcie\u017cnic i skrzyde\u0142 wynosi 31-96 mm.<br \/>\nW ofercie znajduj\u0105 si\u0119 r\u00f3wnie\u017c o\u015bcie\u017cnice dwu i trzytorowe, dzi\u0119ki czemu mo\u017cna budowa\u0107 konstrukcje o wi\u0119kszej ilo\u015bci skrzyde\u0142 w jednej ramie.<\/p>\n<p style=\"text-align: justify;\"><strong>Charakterystyka<\/strong><br \/>\n&#8211; \u015bcis\u0142e powi\u0105zanie z innymi systemami rodziny Ponzio;<br \/>\n&#8211; mo\u017cliwo\u015b\u0107 zastosowania wype\u0142nie\u0144 o grubo\u015bci 4-20 mm;<br \/>\n&#8211; mo\u017cliwo\u015b\u0107 zastosowania specjalnych oku\u0107 i wykonania okien podawczych przesuwanych w pionie.<\/p>\n<p><strong>Kszta\u0142towniki aluminiowe<\/strong><br \/>\nEN AW-6060 wg PN-EN 573-3 stan T6 wg PN-EN 515 Al Mg Si 0,5 F22 wg norm DIN 1725 T1, DIN 17615 T1<\/p>\n<p style=\"text-align: justify;\"><strong>Wype\u0142nienia<\/strong><br \/>\nSzyby pojedyncze lub zespolone z ka\u017cdym rodzajem szk\u0142a lub panele nieprzezierne<\/p>\n<p style=\"text-align: justify;\"><strong>Sposoby wyko\u0144czenia powierzchni<\/strong><br \/>\nMalowanie proszkowe farbami poliestrowymi spe\u0142niaj\u0105ce wymogi Qualicoat, do wyboru kolory z palety RAL; anodowanie w kolorach: naturalne aluminium, oliwka, szampa\u0144ski, z\u0142oty, &#8222;stare z\u0142oto&#8221;, br\u0105zowy &#8211; spe\u0142niaj\u0105ce wymogi Qualanod; lakierowanie na \u201ekolor\u201d drewna<\/p>\n<p style=\"text-align: justify;\"><strong>Uszczelki<\/strong><br \/>\nz kauczuku syntetycznego EPDM wg normy 7863 i normy wykonawczej wg ISO 3302-01, E2<\/p>\n<p style=\"text-align: justify;\"><strong>Akcesoria<\/strong><br \/>\nz\u0142\u0105czki naro\u017cne, wkr\u0119ty, \u015bruby, podk\u0142adki z aluminium, stali nierdzewnej lub ocynkowanej<\/p>\n<p style=\"text-align: justify;\"><strong>Okucia systemowe<\/strong><\/p>\n<hr \/>\n\t\t\t\t\t<div class=\"gallery_box_single\">\n\t\t\t\t\t\t<p class=\"not_found\">Sorry, nothing found.<\/p>\n\t\t\t\t\t<\/div><!-- .gallery_box_single -->\n\t\t\t\t\t\n","protected":false},"excerpt":{"rendered":"<p>System bez izolacji termicznej przeznaczony do wykonywania element\u00f3w zabudowy wewn\u0119trznej. Podstawowym przeznaczeniem systemu jest konstrukcja r\u00f3\u017cnych typ\u00f3w okien i drzwi przesuwnych. G\u0142\u0119boko\u015b\u0107 konstrukcyjna kszta\u0142townik\u00f3w dla o\u015bcie\u017cnic i skrzyde\u0142 wynosi 31-96 mm. W ofercie znajduj\u0105 si\u0119 r\u00f3wnie\u017c o\u015bcie\u017cnice dwu i trzytorowe, dzi\u0119ki czemu mo\u017cna budowa\u0107 konstrukcje o wi\u0119kszej ilo\u015bci skrzyde\u0142 w jednej ramie. Charakterystyka &#8211; \u015bcis\u0142e &hellip; <a href=\"https:\/\/www.iver-bud.pl\/index.php\/sliding-600\/\" class=\"more-link\">Czytaj dalej <span class=\"screen-reader-text\">SLIDING 600<\/span> <span class=\"meta-nav\">&rarr;<\/span><\/a><\/p>\n","protected":false},"author":1,"featured_media":0,"parent":0,"menu_order":0,"comment_status":"closed","ping_status":"closed","template":"","meta":{"footnotes":""},"class_list":["post-391","page","type-page","status-publish","hentry"],"aioseo_notices":[],"_links":{"self":[{"href":"https:\/\/www.iver-bud.pl\/index.php\/wp-json\/wp\/v2\/pages\/391"}],"collection":[{"href":"https:\/\/www.iver-bud.pl\/index.php\/wp-json\/wp\/v2\/pages"}],"about":[{"href":"https:\/\/www.iver-bud.pl\/index.php\/wp-json\/wp\/v2\/types\/page"}],"author":[{"embeddable":true,"href":"https:\/\/www.iver-bud.pl\/index.php\/wp-json\/wp\/v2\/users\/1"}],"replies":[{"embeddable":true,"href":"https:\/\/www.iver-bud.pl\/index.php\/wp-json\/wp\/v2\/comments?post=391"}],"version-history":[{"count":2,"href":"https:\/\/www.iver-bud.pl\/index.php\/wp-json\/wp\/v2\/pages\/391\/revisions"}],"predecessor-version":[{"id":512,"href":"https:\/\/www.iver-bud.pl\/index.php\/wp-json\/wp\/v2\/pages\/391\/revisions\/512"}],"wp:attachment":[{"href":"https:\/\/www.iver-bud.pl\/index.php\/wp-json\/wp\/v2\/media?parent=391"}],"curies":[{"name":"wp","href":"https:\/\/api.w.org\/{rel}","templated":true}]}}