{"id":379,"date":"2014-02-14T11:45:12","date_gmt":"2014-02-14T10:45:12","guid":{"rendered":"http:\/\/www.iver-bud.pl\/?page_id=379"},"modified":"2015-03-08T18:25:36","modified_gmt":"2015-03-08T17:25:36","slug":"ponzio-pf-152","status":"publish","type":"page","link":"https:\/\/www.iver-bud.pl\/index.php\/ponzio-pf-152\/","title":{"rendered":"PONZIO PF 152"},"content":{"rendered":"<p style=\"text-align: justify;\">System konstrukcji s\u0142upowo-ryglowych przeznaczony do wykonywania \u015bcian os\u0142onowych, zadasze\u0144, \u015bwietlik\u00f3w, zakwalifikowany do grupy materia\u0142owej RMG 1.0. Szeroko\u015b\u0107 s\u0142up\u00f3w i rygli wynosi 52 mm, listew dociskowych: 51 mm.<br \/>\nPrzy zastosowaniu specjalnie zaprojektowanego termika, mo\u017cliwe jest wykonanie \u015bciany os\u0142onowej ze wsp\u00f3\u0142czynnikiem przenikania ciep\u0142a na poziomie 1,75W\/m2K.<br \/>\nRozwi\u0105zania techniczne umo\u017cliwiaj\u0105 konstruowanie \u015bcian prostych lub po \u0142uku, przechodzenie k\u0105t\u00f3w zewn\u0119trznych i wewn\u0119trznych oraz adaptacj\u0119 na ogrody zimowe.<br \/>\nSystem przewiduje rozwi\u0105zania z podkonstrukcj\u0105 stalow\u0105 i drewnian\u0105.<\/p>\n<p><strong>Charakterystyka<\/strong><br \/>\n&#8211; mo\u017cliwo\u015b\u0107 zastosowania rozwi\u0105za\u0144 dla pasa nadpro\u017cowo-podokiennego sklasyfikowanego jako EI60;<br \/>\n&#8211; mo\u017cliwo\u015b\u0107 zastosowania r\u00f3\u017cnego typu zewn\u0119trznych element\u00f3w dekoracyjnych<br \/>\n&#8211; mo\u017cliwo\u015b\u0107 wykonania wersji \u201epoziomej\u201d lub \u201epionowej\u201d linii<br \/>\n&#8211; zastosowania wype\u0142nie\u0144 o grubo\u015bci 2-54 mm;<br \/>\n&#8211; wykonania fasady w wersji &#8222;zimnej&#8221; &#8211; nieizolowanej termicznie;<br \/>\n&#8211; gi\u0119cia profili<\/p>\n<p><strong>Kszta\u0142towniki aluminiowe<\/strong><br \/>\nEN AW-6060 wg PN-EN 573-3 stan T6 wg PN-EN 515 Al Mg Si 0,5 F22 wg norm DIN 1725 T1, DIN 17615 T1<\/p>\n<p style=\"text-align: justify;\"><strong>Izolacyjno\u015b\u0107 termiczna<\/strong><br \/>\nWsp\u00f3\u0142czynnik przenikania ciep\u0142a Uf = 1,75 W\/m2K<\/p>\n<p style=\"text-align: justify;\"><strong>Wype\u0142nienia<\/strong><br \/>\nszyby pojedyncze lub zespolone z ka\u017cdym rodzajem szk\u0142a lub panele nieprzezierne<\/p>\n<p style=\"text-align: justify;\"><strong>Sposoby wyko\u0144czenia powierzchni<\/strong><br \/>\nmalowanie proszkowe farbami poliestrowymi spe\u0142niaj\u0105ce wymogi Qualicoat, do wyboru kolory z palety RAL; anodowanie w kolorach: naturalne aluminium, oliwka, szampa\u0144ski, z\u0142oty, &#8222;stare z\u0142oto&#8221;, br\u0105zowy &#8211; spe\u0142niaj\u0105ce wymogi Qualanod; lakierowanie na \u201ekolor\u201d drewna<\/p>\n<p style=\"text-align: justify;\"><strong>Uszczelki<\/strong><br \/>\nz kauczuku syntetycznego EPDM wg normy 7863 i normy wykonawczej wg ISO 3302-01, E2<\/p>\n<p style=\"text-align: justify;\"><strong>Akcesoria<\/strong><br \/>\nz\u0142\u0105czki naro\u017cne, wkr\u0119ty, \u015bruby, podk\u0142adki z aluminium, stali nierdzewnej lub ocynkowanej<\/p>\n<p style=\"text-align: justify;\"><strong>Okucia<\/strong><br \/>\ntylko renomowanych firm: Fapim, Geze, Security Style, itp.<\/p>\n<p style=\"text-align: justify;\"><strong>Dopuszczenia i \u015bwiadectwa jako\u015bci<\/strong><br \/>\nWst\u0119pne badania typu wg PN-EN 13830:2005<\/p>\n<hr \/>\n\t\t\t\t\t<div class=\"gallery_box_single\">\n\t\t\t\t\t\t<p class=\"not_found\">Sorry, nothing found.<\/p>\n\t\t\t\t\t<\/div><!-- .gallery_box_single -->\n\t\t\t\t\t\n","protected":false},"excerpt":{"rendered":"<p>System konstrukcji s\u0142upowo-ryglowych przeznaczony do wykonywania \u015bcian os\u0142onowych, zadasze\u0144, \u015bwietlik\u00f3w, zakwalifikowany do grupy materia\u0142owej RMG 1.0. Szeroko\u015b\u0107 s\u0142up\u00f3w i rygli wynosi 52 mm, listew dociskowych: 51 mm. Przy zastosowaniu specjalnie zaprojektowanego termika, mo\u017cliwe jest wykonanie \u015bciany os\u0142onowej ze wsp\u00f3\u0142czynnikiem przenikania ciep\u0142a na poziomie 1,75W\/m2K. Rozwi\u0105zania techniczne umo\u017cliwiaj\u0105 konstruowanie \u015bcian prostych lub po \u0142uku, przechodzenie k\u0105t\u00f3w &hellip; <a href=\"https:\/\/www.iver-bud.pl\/index.php\/ponzio-pf-152\/\" class=\"more-link\">Czytaj dalej <span class=\"screen-reader-text\">PONZIO PF 152<\/span> <span class=\"meta-nav\">&rarr;<\/span><\/a><\/p>\n","protected":false},"author":1,"featured_media":0,"parent":0,"menu_order":0,"comment_status":"closed","ping_status":"closed","template":"","meta":{"footnotes":""},"class_list":["post-379","page","type-page","status-publish","hentry"],"aioseo_notices":[],"_links":{"self":[{"href":"https:\/\/www.iver-bud.pl\/index.php\/wp-json\/wp\/v2\/pages\/379"}],"collection":[{"href":"https:\/\/www.iver-bud.pl\/index.php\/wp-json\/wp\/v2\/pages"}],"about":[{"href":"https:\/\/www.iver-bud.pl\/index.php\/wp-json\/wp\/v2\/types\/page"}],"author":[{"embeddable":true,"href":"https:\/\/www.iver-bud.pl\/index.php\/wp-json\/wp\/v2\/users\/1"}],"replies":[{"embeddable":true,"href":"https:\/\/www.iver-bud.pl\/index.php\/wp-json\/wp\/v2\/comments?post=379"}],"version-history":[{"count":2,"href":"https:\/\/www.iver-bud.pl\/index.php\/wp-json\/wp\/v2\/pages\/379\/revisions"}],"predecessor-version":[{"id":502,"href":"https:\/\/www.iver-bud.pl\/index.php\/wp-json\/wp\/v2\/pages\/379\/revisions\/502"}],"wp:attachment":[{"href":"https:\/\/www.iver-bud.pl\/index.php\/wp-json\/wp\/v2\/media?parent=379"}],"curies":[{"name":"wp","href":"https:\/\/api.w.org\/{rel}","templated":true}]}}