{"id":365,"date":"2014-02-14T11:37:43","date_gmt":"2014-02-14T10:37:43","guid":{"rendered":"http:\/\/www.iver-bud.pl\/?page_id=365"},"modified":"2015-03-08T17:43:10","modified_gmt":"2015-03-08T16:43:10","slug":"ponzio-pe-68-drzwi","status":"publish","type":"page","link":"https:\/\/www.iver-bud.pl\/index.php\/ponzio-pe-68-drzwi\/","title":{"rendered":"PONZIO PE 68 DRZWI"},"content":{"rendered":"<p style=\"text-align: justify;\">Trzykomorowy system izolowany termicznie przeznaczony do wykonywania konstrukcji drzwiowych. System posiada konstrukcj\u0119 profili wsp\u00f3\u0142p\u0142aszczyznowych (luz wr\u0119bowy wynosi 18mm) oraz mo\u017cliwo\u015b\u0107 zastosowania listew przyszybowych do rowka w standardzie euro.<br \/>\nW PE 68 zastosowano profilowane przek\u0142adki termiczne o szeroko\u015bci 24 mm.<br \/>\nSpecjalnie zaprojektowane, kompatybilne profile umo\u017cliwiaj\u0105 \u0142atwe po\u0142\u0105czenie drzwi z witryn\u0105. G\u0142\u0119boko\u015b\u0107 konstrukcyjna kszta\u0142townik\u00f3w dla o\u015bcie\u017cnic i skrzyde\u0142 wynosi 68mm.<br \/>\nW systemie mo\u017cna stosowa\u0107 szerok\u0105 gam\u0119 oku\u0107 oraz zamk\u00f3w drzwiowych.<br \/>\nPE 68 pozwala na wykonywanie po\u0142\u0105cze\u0144 naro\u017cnych zar\u00f3wno zagniatanych, jak i skr\u0119canych.<\/p>\n<p><strong>Kszta\u0142towniki aluminiowe<\/strong><br \/>\nEN AW-6060 wg PN-EN 573-3 stan T6 wg PN-EN 515<br \/>\nAl Mg Si 0,5 F22 wg norm DIN 1725 T1, DIN 17615T1<\/p>\n<p style=\"text-align: justify;\"><strong>Izolacyjno\u015b\u0107 termiczna<\/strong><br \/>\nwsp\u00f3\u0142czynnik przenikania ciep\u0142a Uf = od 2,2 W\/m2K<\/p>\n<p style=\"text-align: justify;\"><strong>Wype\u0142nienia<\/strong><br \/>\nszyby pojedyncze lub zespolone z ka\u017cdym rodzajem szk\u0142a lub panele nieprzezierne o grubo\u015bci 18-59 mm<\/p>\n<p style=\"text-align: justify;\"><strong>Sposoby wyko\u0144czenia powierzchni<\/strong><br \/>\nmalowanie proszkowe farbami poliestrowymi spe\u0142niaj\u0105ce wymogi Qualicoat, do wyboru kolory z palety RAL; anodowanie w kolorach: naturalne aluminium, oliwka, szampa\u0144ski, z\u0142oty, &#8222;stare z\u0142oto&#8221;, br\u0105zowy &#8211; spe\u0142niaj\u0105ce wymogi Qualanod; lakierowanie na \u201ekolor\u201d drewna<\/p>\n<p style=\"text-align: justify;\"><strong>Uszczelki<\/strong><br \/>\nz kauczuku syntetycznego EPDM wg normy 7863 i normy wykonawczej wg ISO 3302-01, E2-01, E2<\/p>\n<hr \/>\n\t\t\t\t\t<div class=\"gallery_box_single\">\n\t\t\t\t\t\t<p class=\"not_found\">Sorry, nothing found.<\/p>\n\t\t\t\t\t<\/div><!-- .gallery_box_single -->\n\t\t\t\t\t\n","protected":false},"excerpt":{"rendered":"<p>Trzykomorowy system izolowany termicznie przeznaczony do wykonywania konstrukcji drzwiowych. System posiada konstrukcj\u0119 profili wsp\u00f3\u0142p\u0142aszczyznowych (luz wr\u0119bowy wynosi 18mm) oraz mo\u017cliwo\u015b\u0107 zastosowania listew przyszybowych do rowka w standardzie euro. W PE 68 zastosowano profilowane przek\u0142adki termiczne o szeroko\u015bci 24 mm. Specjalnie zaprojektowane, kompatybilne profile umo\u017cliwiaj\u0105 \u0142atwe po\u0142\u0105czenie drzwi z witryn\u0105. G\u0142\u0119boko\u015b\u0107 konstrukcyjna kszta\u0142townik\u00f3w dla o\u015bcie\u017cnic i &hellip; <a href=\"https:\/\/www.iver-bud.pl\/index.php\/ponzio-pe-68-drzwi\/\" class=\"more-link\">Czytaj dalej <span class=\"screen-reader-text\">PONZIO PE 68 DRZWI<\/span> <span class=\"meta-nav\">&rarr;<\/span><\/a><\/p>\n","protected":false},"author":1,"featured_media":0,"parent":0,"menu_order":0,"comment_status":"closed","ping_status":"closed","template":"","meta":{"footnotes":""},"class_list":["post-365","page","type-page","status-publish","hentry"],"aioseo_notices":[],"_links":{"self":[{"href":"https:\/\/www.iver-bud.pl\/index.php\/wp-json\/wp\/v2\/pages\/365"}],"collection":[{"href":"https:\/\/www.iver-bud.pl\/index.php\/wp-json\/wp\/v2\/pages"}],"about":[{"href":"https:\/\/www.iver-bud.pl\/index.php\/wp-json\/wp\/v2\/types\/page"}],"author":[{"embeddable":true,"href":"https:\/\/www.iver-bud.pl\/index.php\/wp-json\/wp\/v2\/users\/1"}],"replies":[{"embeddable":true,"href":"https:\/\/www.iver-bud.pl\/index.php\/wp-json\/wp\/v2\/comments?post=365"}],"version-history":[{"count":2,"href":"https:\/\/www.iver-bud.pl\/index.php\/wp-json\/wp\/v2\/pages\/365\/revisions"}],"predecessor-version":[{"id":496,"href":"https:\/\/www.iver-bud.pl\/index.php\/wp-json\/wp\/v2\/pages\/365\/revisions\/496"}],"wp:attachment":[{"href":"https:\/\/www.iver-bud.pl\/index.php\/wp-json\/wp\/v2\/media?parent=365"}],"curies":[{"name":"wp","href":"https:\/\/api.w.org\/{rel}","templated":true}]}}