{"id":22,"date":"2014-02-06T13:21:51","date_gmt":"2014-02-06T12:21:51","guid":{"rendered":"http:\/\/www.iver-bud.pl\/?page_id=22"},"modified":"2015-03-08T17:13:40","modified_gmt":"2015-03-08T16:13:40","slug":"produkty","status":"publish","type":"page","link":"https:\/\/www.iver-bud.pl\/index.php\/produkty\/","title":{"rendered":"Produkty"},"content":{"rendered":"<p style=\"text-align: justify;\">Szanowni Pa\u0144stwo, firma IVER-BUD oferuje:<\/p>\n<ul style=\"text-align: justify;\">\n<li>\u015blusark\u0119 aluminiow\u0105 &#8211; fasady, okna, drzwi, \u015bcianki<\/li>\n<li>systemy zabudowy balkon\u00f3w<\/li>\n<li>wewn\u0119trzne \u015bcianki aluminiowo &#8211; szklane<\/li>\n<li>drzwi ca\u0142oszklane<\/li>\n<li>\u015blusarka ppo\u017c i dymoszczelna<\/li>\n<li>okna i drzwi PCV<\/li>\n<li>okna i drzwi drewniane<\/li>\n<li>parapety<\/li>\n<li>rolety<\/li>\n<li>\u017caluzje<\/li>\n<li>verticale<\/li>\n<li>moskitiery<\/li>\n<li>bramy i automatyka<\/li>\n<li>rolety zewn\u0119trzne<\/li>\n<\/ul>\n<p style=\"text-align: justify;\">Posiadamy w\u0142asne zaplecze produkcyjne, specjalistyczne maszyny produkcyjne, wykwalifikowan\u0105 ekip\u0119 montersk\u0105. Zajmujemy si\u0119 projektowaniem, wykonywaniem pomiar\u00f3w, produkcj\u0105 i monta\u017cem wytwarzanych przez nas produkt\u00f3w.<\/p>\n<p style=\"text-align: justify;\">Zapraszamy do zapoznania si\u0119 ze szczeg\u00f3\u0142ami dotycz\u0105cymi naszych flagowych produkt\u00f3w w kt\u00f3rych si\u0119 specjalizujemy:<\/p>\n<ul>\n<li><a title=\"PONZIO\" href=\"https:\/\/www.iver-bud.pl\/index.php\/profile-ponzio\/\">produkty PONZIO<\/a><\/li>\n<li><a title=\"ALURON ACS 38\" href=\"https:\/\/www.iver-bud.pl\/index.php\/aluron-acs-38\/\">profile Aluron ASC38<\/a><\/li>\n<li><a title=\"\u015aciany ca\u0142oszklane\" href=\"https:\/\/www.iver-bud.pl\/index.php\/sciany-caloszklane\/\">\u015bciany ca\u0142oszklane<\/a><\/li>\n<li><a title=\"Elewacje wentylowane\" href=\"https:\/\/www.iver-bud.pl\/index.php\/elewacje-wentylowane\/\">elewacje wentylowane<\/a><\/li>\n<\/ul>\n","protected":false},"excerpt":{"rendered":"<p>Szanowni Pa\u0144stwo, firma IVER-BUD oferuje: \u015blusark\u0119 aluminiow\u0105 &#8211; fasady, okna, drzwi, \u015bcianki systemy zabudowy balkon\u00f3w wewn\u0119trzne \u015bcianki aluminiowo &#8211; szklane drzwi ca\u0142oszklane \u015blusarka ppo\u017c i dymoszczelna okna i drzwi PCV okna i drzwi drewniane parapety rolety \u017caluzje verticale moskitiery bramy i automatyka rolety zewn\u0119trzne Posiadamy w\u0142asne zaplecze produkcyjne, specjalistyczne maszyny produkcyjne, wykwalifikowan\u0105 ekip\u0119 montersk\u0105. Zajmujemy &hellip; <a href=\"https:\/\/www.iver-bud.pl\/index.php\/produkty\/\" class=\"more-link\">Czytaj dalej <span class=\"screen-reader-text\">Produkty<\/span> <span class=\"meta-nav\">&rarr;<\/span><\/a><\/p>\n","protected":false},"author":1,"featured_media":0,"parent":0,"menu_order":0,"comment_status":"closed","ping_status":"closed","template":"","meta":{"footnotes":""},"class_list":["post-22","page","type-page","status-publish","hentry"],"aioseo_notices":[],"_links":{"self":[{"href":"https:\/\/www.iver-bud.pl\/index.php\/wp-json\/wp\/v2\/pages\/22"}],"collection":[{"href":"https:\/\/www.iver-bud.pl\/index.php\/wp-json\/wp\/v2\/pages"}],"about":[{"href":"https:\/\/www.iver-bud.pl\/index.php\/wp-json\/wp\/v2\/types\/page"}],"author":[{"embeddable":true,"href":"https:\/\/www.iver-bud.pl\/index.php\/wp-json\/wp\/v2\/users\/1"}],"replies":[{"embeddable":true,"href":"https:\/\/www.iver-bud.pl\/index.php\/wp-json\/wp\/v2\/comments?post=22"}],"version-history":[{"count":3,"href":"https:\/\/www.iver-bud.pl\/index.php\/wp-json\/wp\/v2\/pages\/22\/revisions"}],"predecessor-version":[{"id":593,"href":"https:\/\/www.iver-bud.pl\/index.php\/wp-json\/wp\/v2\/pages\/22\/revisions\/593"}],"wp:attachment":[{"href":"https:\/\/www.iver-bud.pl\/index.php\/wp-json\/wp\/v2\/media?parent=22"}],"curies":[{"name":"wp","href":"https:\/\/api.w.org\/{rel}","templated":true}]}}